2037
What are the prime factors of 520460179?
19, 27392641
What are the prime factors of 773677235?
5, 383, 404009
List the prime factors of 34132651.
7, 17, 97, 2957
What are the prime factors of 2378215566?
2, 3, 14680343
What are the prime factors of 38470213?
38470213
List the prime factors of 35434365.
3, 5, 43, 137, 401
List the prime factors of 60990563.
60990563
List the prime factors of 73549789.
73549789
What are the prime factors of 1666115261?
53, 31436137
What are the prime factors of 4615518?
2, 3, 19, 40487
List the prime factors of 583331659.
17, 2503, 13709
List the prime factors of 142774899.
3, 2339, 20347
List the prime factors of 1805669145.
3, 5, 7, 397, 4813
What are the prime factors of 475862265?
3, 5, 10574717
What are the prime factors of 15585411?
3, 101, 51437
List the prime factors of 1060272880.
2, 5, 2357, 5623
What are the prime factors of 3791437635?
3, 5, 11159, 22651
List the prime factors of 48028478.
2, 59, 191, 2131
What are the prime factors of 126603754?
2, 73, 193, 4493
List the prime factors of 15271145.
5, 3054229
What are the prime factors of 780816720?
2, 3, 5, 229, 14207
List the prime factors of 87067702.
2, 43533851
List the prime factors of 1097723476.
2, 4241, 64709
What are the prime factors of 641318961?
3, 397, 538471
What are the prime factors of 551874646?
2, 19, 401, 36217
What are the prime factors of 674352139?
674352139
List the prime factors of 94337721.
3, 53, 197773
What are the prime factors of 320936092?
2, 953, 84191
What are the prime factors of 187993190?
2, 5, 7, 11, 244147
List the prime factors of 621860973.
3, 1753, 118247
List the prime factors of 169721256.
2, 3, 7071719
List the prime factors of 2437013752.
2, 304626719
What are the prime factors of 4566525?
3, 5, 60887
What are the prime factors of 29069683?
29069683
List the prime factors of 1392599510.
2, 5, 139259951
List the prime factors of 100595342.
2, 50297671
What are the prime factors of 103005722?
2, 727, 70843
What are the prime factors of 60697651?
7, 83, 104471
List the prime factors of 224404012.
2, 7, 17, 293, 1609
List the prime factors of 5334713519.
157, 307, 110681
What are the prime factors of 85204497?
3, 7, 4057357
List the prime factors of 817482037.
2621, 311897
What are the prime factors of 1776796?
2, 7, 23, 31, 89
What are the prime factors of 1824352122?
2, 3, 5827, 52181
List the prime factors of 1720055483.
23, 74785021
What are the prime factors of 172865375?
5, 29, 43, 1109
What are the prime factors of 4913906990?
2, 5, 23, 41, 439, 1187
What are the prime factors of 3721713185?
5, 17, 139, 269, 1171
List the prime factors of 16184842.
2, 29, 173, 1613
What are the prime factors of 1666167776?
2, 7, 13, 11677
What are the prime factors of 1450240262?
2, 5867, 123593
List the prime factors of 4454320517.
37, 1291, 93251
What are the prime factors of 10410011?
10410011
List the prime factors of 4485215273.
7, 11, 58249549
What are the prime factors of 628439634?
2, 3, 3879257
What are the prime factors of 2407252917?
3, 802417639
What are the prime factors of 20526838?
2, 29, 353911
What are the prime factors of 173472483?
3, 57824161
What are the prime factors of 598328167?
598328167
List the prime factors of 290523249.
3, 859, 37579
What are the prime factors of 5585981125?
5, 17, 2628697
What are the prime factors of 55825504?
2, 7, 35603
What are the prime factors of 762103823?
13, 58623371
List the prime factors of 3111326280.
2, 3, 5, 2287, 3779
List the prime factors of 24045954.
2, 3, 4007659
List the prime factors of 111390408.
2, 3, 73, 21193
List the prime factors of 16445013.
3, 13, 19, 22193
List the prime factors of 25426689.
3, 8475563
List the prime factors of 174293576.
2, 1801, 12097
What are the prime factors of 56347540?
2, 5, 19, 79, 1877
What are the prime factors of 5297204335?
5, 17, 157, 396943
List the prime factors of 5791570.
2, 5, 269, 2153
List the prime factors of 26062620.
2, 3, 5, 434377
What are the prime factors of 1009223339?
47, 149, 211, 683
What are the prime factors of 2696043358?
2, 89, 619, 24469
List the prime factors of 130833090.
2, 3, 5, 43, 59, 191
List the prime factors of 5393322388.
2, 337, 1867, 2143
What are the prime factors of 66594890?
2, 5, 23, 289543
List the prime factors of 2219040301.
2219040301
List the prime factors of 859479567.
3, 3607, 79427
What are the prime factors of 1702573?
1702573
List the prime factors of 953551893.
3, 7, 45407233
What are the prime factors of 264920294?
2, 47, 607, 4643
List the prime factors of 2142710094.
2, 3, 7, 51016907
What are the prime factors of 47744047?
13, 3672619
What are the prime factors of 30046345?
5, 7, 858467
List the prime factors of 9977425.
5, 399097
List the prime factors of 244746172.
2, 11, 853, 6521
What are the prime factors of 11392868?
2, 563, 5059
What are the prime factors of 1105097385?
3, 5, 7, 10524737
What are the prime factors of 22810940?
2, 5, 17, 23, 2917
What are the prime factors of 369272244?
2, 3, 11, 2797517
What are the prime factors of 441234437?
7, 337, 187043
What are the prime factors of 390970873?
461, 821, 1033
List the prime factors of 31509516.
2, 3, 31, 71, 1193
List the prime factors of 5918005.
5, 47, 25183
What are the prime factors of 1236104386?
2, 11, 181, 310423
What are the prime factors of 1381422904?
2, 157, 1099859
What are the prime factors of 3961561887?
3, 79, 2069, 2693
List the prime factors of 6838807.
6838807
What are the prime factors of 207554345?
5, 41510869
List the prime factors of 29487063.
3, 9829021
What are the prime factors of 51394727?
51394727
What are the prime factors of 66502937?
1123, 59219
What are the prime factors of 1924804321?
11, 4099, 42689
List the prime factors of 1480394536.
2, 185049317
What are the prime factors of 2087803841?
31, 67348511
What are the prime factors of 351366624?
2, 3, 7, 174289
What are the prime factors of 83930531?
1087, 77213
What are the prime factors of 875934128?
2, 257, 213019
What are the prime factors of 42948157?
7, 37, 23689
List the prime factors of 2977662800.
2, 5, 7, 23, 46237
List the prime factors of 1035533.
1035533
What are the prime factors of 3556835491?
11, 11971, 27011
List the prime factors of 109771868.
2, 31, 885257
List the prime factors of 78907888.
2, 103, 47881
List the prime factors of 35247135.
3, 5, 7, 11, 30517
List the prime factors of 290657164.
2, 7, 23, 451331
List the prime factors of 252533910.
2, 3, 5, 107, 151, 521
What are the prime factors of 27412932?
2, 3, 929, 2459
What are the prime factors of 5788211435?
5, 1157642287
What are the prime factors of 2705711941?
2705711941
What are the prime factors of 126113460?
2, 3, 5, 11, 29, 599
List the prime factors of 1235748810.
2, 3, 5, 79, 607, 859
List the prime factors of 967960.
2, 5, 7, 3457
What are the prime factors of 330597185?
5, 66119437
What are the prime factors of 771238996?
2, 11, 127, 12547
List the prime factors of 22937555.
5, 23, 199457
What are the prime factors of 2818142593?
7, 402591799
What are the prime factors of 2079494382?
2, 3, 7, 5087, 9733
What are the prime factors of 194399862?
2, 3, 17, 739, 2579
What are the prime factors of 29663461?
1777, 16693
List the prime factors of 268750710.
2, 3, 5, 110597
List the prime factors of 64317789.
3, 67, 106663
List the prime factors of 216316342.
2, 11, 1307, 7523
List the prime factors of 191501334.
2, 3, 367, 3221
List the prime factors of 37396421.
139, 269039
List the prime factors of 3661879593.
3, 61, 20010271
What are the prime factors of 610176294?
2, 3, 7, 13, 124171
What are the prime factors of 119030168?
2, 14878771
What are the prime factors of 15896456?
2, 1987057
What are the prime factors of 1136343378?
2, 3, 31, 1609, 3797
List the prime factors of 118368158.
2, 1201, 49279
What are the prime factors of 20360647?
19, 83, 12911
What are the prime factors of 1469241067?
7, 14033, 14957
List the prime factors of 7239148.
2, 7, 229, 1129
List the prime factors of 147603461.
283, 521567
What are the prime factors of 145322949?
3, 79, 613177
List the prime factors of 4112886070.
2, 5, 411288607
What are the prime factors of 817575613?
5483, 149111
What are the prime factors of 1420166340?
2, 3, 5, 317, 2488